9 a composite number?
True
Is 7141 a prime number?
False
Is 1622813 composite?
False
Is 3061 a prime number?
True
Is 29263 composite?
True
Is 9487 prime?
False
Is 2355377 prime?
True
Is 889 a composite number?
True
Is 467 composite?
False
Is 874279 a prime number?
False
Is 4757 prime?
False
Is 93433 a composite number?
True
Is 56617 a composite number?
True
Is 23783 prime?
False
Is 1129391 a composite number?
False
Is 42509 a prime number?
True
Is 7669 a composite number?
False
Is 23917 prime?
True
Is 43163 a composite number?
True
Is 3319 prime?
True
Is 41161 composite?
False
Is 476507 a composite number?
False
Is 631 a prime number?
True
Is 8039 a composite number?
False
Is 66239 prime?
True
Is 2411 composite?
False
Is 565073 prime?
False
Is 672589 composite?
True
Is 41917 a composite number?
True
Is 1003 composite?
True
Is 4987 a prime number?
True
Is 725111 a composite number?
False
Is 555823 a composite number?
False
Is 33851 composite?
False
Is 247019 a composite number?
True
Is 6832151 a prime number?
True
Is 28973 a prime number?
False
Is 5029 a composite number?
True
Is 15838 a prime number?
False
Is 315853 a prime number?
False
Is 90787 a prime number?
True
Is 14583 a prime number?
False
Is 283319 a composite number?
True
Is 137143 a prime number?
True
Is 2182 a composite number?
True
Is 23347 composite?
True
Is 101159 a prime number?
True
Is 51539 a composite number?
False
Is 27479 a prime number?
True
Is 18397 composite?
False
Is 81245 prime?
False
Is 2009837 a composite number?
True
Is 959 a prime number?
False
Is 5171 prime?
True
Is 5089 a composite number?
True
Is 854693 a composite number?
True
Is 12014 a prime number?
False
Is 33095 prime?
False
Is 135843 a prime number?
False
Is 11273 a composite number?
False
Is 1661 a prime number?
False
Is 392131 a composite number?
False
Is 42761 prime?
False
Is 39733 prime?
True
Is 127 prime?
True
Is 2099 a prime number?
True
Is 3989 prime?
True
Is 56647 a prime number?
False
Is 266759 a prime number?
True
Is 4045 a composite number?
True
Is 39561 prime?
False
Is 17203 a composite number?
False
Is 277249 a composite number?
True
Is 9363 a prime number?
False
Is 167009 a prime number?
True
Is 639479 composite?
True
Is 521 prime?
True
Is 3977 a prime number?
False
Is 161263 prime?
True
Is 86309 composite?
True
Is 706541 a prime number?
False
Is 78133 a prime number?
False
Is 185849 a prime number?
True
Is 2719 prime?
True
Is 811519 a composite number?
False
Is 7697 a composite number?
True
Is 37229 a prime number?
False
Is 5737 a prime number?
True
Is 1538821 a prime number?
False
Is 90053 a prime number?
True
Is 21479 a prime number?
False
Is 10921 a prime number?
False
Is 424045 composite?
True
Is 397633 a composite number?
False
Is 23729 prime?
False
Is 350629 a prime number?
True
Is 8885 prime?
False
Is 20419 a composite number?
True
Is 4507 a prime number?
True
Is 4959919 composite?
False
Is 3491 composite?
False
Is 30781 a composite number?
False
Is 25219 composite?
False
Is 1805633 a prime number?
True
Is 2927 prime?
True
Is 9461 a composite number?
False
Is 911 a prime number?
True
Is 107443 a prime number?
False
Is 12637 a prime number?
True
Is 1409 prime?
True
Is 7201 a prime number?
False
Is 3241093 composite?
False
Is 1399 prime?
True
Is 7377 composite?
True
Is 2317 a composite number?
True
Is 193093 composite?
False
Is 590741 a prime number?
True
Is 1437518 a composite number?
True
Is 4637 composite?
False
Is 1132783 a prime number?
True
Is 651691 prime?
False
Is 7537 a composite number?
False
Is 30553 a composite number?
False
Is 162353 a composite number?
True
Is 616703 composite?
False
Is 26669 a composite number?
False
Is 3585449 prime?
False
Is 235811 a composite number?
False
Is 1207 a composite number?
True
Is 89171 composite?
True
Is 357943 prime?
False
Is 3443 a prime number?
False
Is 902849 a composite number?
False
Is 5953 a prime number?
True
Is 1070747 composite?
True
Is 66977 composite?
False
Is 1637 a prime number?
True
Is 23341 a prime number?
False
Is 10219 a prime number?
False
Is 125423 composite?
False
Is 129517 a composite number?
False
Is 91705 a composite number?
True
Is 65761 a composite number?
False
Is 16493 composite?
False
Is 11251 composite?
False
Is 6733 prime?
True
Is 7433 composite?
False
Is 197759 a prime number?
True
Is 226927 composite?
True
Is 255071 a prime number?
True
Is 20681 composite?
False
Is 28111 a composite number?
False
Is 1441 a composite number?
True
Is 1583 a composite number?
False
Is 342791 a composite number?
False
Is 180811 a composite number?
False
Is 13171 prime?
True
Is 1412471 a composite number?
False
Is 27847 composite?
False
Is 22433 a prime number?
True
Is 30631 a composite number?
False
Is 65881 a prime number?
True
Is 422413 prime?
False
Is 1324277 prime?
False
Is 31247 composite?
False
Is 123479 composite?
False
Is 93241 a prime number?
True
Is 2627 composite?
True
Is 604621 a prime number?
False
Is 176921 prime?
True
Is 38543 a prime number?
True
Is 51239 composite?
False
Is 22567 prime?
True
Is 56371 a prime number?
False
Is 673 composite?
False
Is 206113 prime?
False
Is 88207 prime?
False
Is 32891 composite?
True
Is 760343 a composite number?
False
Is 447 composite?
True
Is 1334713 prime?
False
Is 191041 a prime number?
False
Is 74641 composite?
True
Is 36111 a prime number?
False
Is 2785 prime?
False
Is 32557 a composite number?
True
Is 4201 composite?
False
Is 52051 a composite number?
False
Is 94771 composite?
False
Is 14698 a composite number?
True
Is 7513 composite?
True
Is 43691 prime?
True
Is 13859 a composite number?
False
Is 15917 a prime number?
False
Is 34807 composite?
False
Is 83891 composite?
False
Is 80309 prime?
True
Is 38297 prime?
False
Is 116121 a composite number?
True
Is 23117 composite?
False
Is 17659 a composite number?
False
Is 2473 a composite number?
False
Is 177373 prime?
False
Is 907898 composite?
True
Is 1422023 a prime number?
True
Is 133063 composite?
True
Is 12953 a prime number?
True
Is 225329 composite?
True
Is 23663 prime?
True
Is 7082 prime?
False
Is 2663669 a composite number?
False
Is 136841 a composite number?
False
Is 4303 a composite number?
True
Is 7615319 prime?
True
Is 66431 a prime number?
True
Is 263023 a composite number?
False
Is 47942 prime?
False
Is 56369 prime?
True
Is 149791 a composite number?
False
Is 388159 composite?
False
Is 295259 prime?
True
Is 1949 a composite number?
False
Is 53189 prime?
True
Is 9521 a prime number?
True
Is 27397 a prime number?
True
Is 14349 composite?
True
Is 4751 a composite number?
False
Is 39341 prime?
True
Is 337607 prime?
True
Is 84787 a composite number?
False
Is 248117 composite?
False
Is 32201 composite?
True
Is 1949 a composite number?
False
Is 10099 a composite number?
False
Is 1259 a prime number?
True
Is 14189 prime?
False
Is 13891 composite?
True
Is 2083073 a composite number?
False
Is 115 a prime number?
False
Is 4659 composite?
True
Is 535757 a prime number?
True
Is 45007 a composite number?
False
Is 25945 prime?
False
Is 11017 prime?
False
Is 987707 a composite number?
True
Is 32099 a composite number?
False
Is 216343 a prime number?
False
Is 141859 prime?
False
Is 20663 a composite number?
False
Is 4751 prime?
True
Is 341269 a prime number?
True
Is 688813 a prime number?
True
Is 127427 composite?
True
Is 9391 prime?
True
Is 1214995 composite?
True
Is 58591 a prime number?
False
Is 3041 a prime number?
True
Is 864541 a composite number?
False
Is 104365 prime?
False
Is 2885173 a prime number?
True
Is 778307 a prime number?
True
Is 15131 a composite number?
False
Is 913687 a composite number?
False
Is 40217 prime?
False
Is 4853 a prime number?
False
Is 3981 a composite number?
True
Is 431657 composite?
False
Is 1847 composite?
False
Is 12695 prime?
False
Is 90353 a prime number?
True
Is 61394 a prime number?
False
Is 683623 prime?
False
Is 2317 composite?
True
Is 303801 prime?
False
Is 92674 prime?
False
Is 3797 a composite number?
False
Is 1739 a prime number?
False
Is 3561703 a composite number?
False
Is 1744273 composite?
False
Is 30181 a prime number?
True
Is 148691 composite?
False
Is 201 prime?
False
Is 184971 a prime number?
False
Is 649 a composite number?
True
Is 13835 a composite number?
True
Is 80909 